{"id":589,"date":"2026-06-18T22:46:05","date_gmt":"2026-06-18T22:46:05","guid":{"rendered":"https:\/\/gamino.store\/product\/sucettes-philips-avent-ultra-air-0-6-mois-2\/"},"modified":"2026-08-30T01:07:46","modified_gmt":"2026-08-30T01:07:46","slug":"sucettes-philips-avent-ultra-air-0-6-mois-2","status":"publish","type":"product","link":"https:\/\/gamino.store\/ar\/product\/sucettes-philips-avent-ultra-air-0-6-mois-2\/","title":{"rendered":"Sucettes Philips Avent Ultra Air (0-6 mois)"},"content":{"rendered":"<p>\u0633\u0643\u0627\u062a\u0627\u062a<strong> \u00ab\u00a0<\/strong>\u0641\u064a\u0644\u064a\u0628\u0633<strong> <\/strong>\u0623\u0641\u064a\u0646\u062a<strong> <\/strong>\u0623\u0644\u062a\u0631\u0627<strong> <\/strong>\u0625\u064a\u0631<strong>\u00a0\u00bb <\/strong>\u0645\u0635\u0645\u0645\u0629<strong> <\/strong>\u0644\u062a\u0633\u0645\u062d<strong> <\/strong>\u0628\u0628\u0634\u0631\u0629<strong> <\/strong>\u0637\u0641\u0644\u0643<strong> <\/strong>\u0628\u0627\u0644\u062a\u0646\u0641\u0633<strong>. <\/strong>\u062a\u062a\u0645\u064a\u0632<strong> <\/strong>\u0628\u0642\u0628\u0648\u0644<strong> <\/strong>\u0628\u0646\u0633\u0628\u0629<strong> 98% <\/strong>\u0645\u0646<strong> <\/strong>\u0642\u0628\u0644<strong> <\/strong>\u0627\u0644\u0623\u0637\u0641\u0627\u0644\u060c<strong> <\/strong>\u0648\u0647\u064a<strong> <\/strong>\u0645\u0635\u0645\u0645\u0629<strong> <\/strong>\u062a\u0642\u0648\u064a\u0645\u064a\u0627\u064b<strong> <\/strong>\u0644\u062a\u0646\u0627\u0633\u0628<strong> <\/strong>\u0646\u0645\u0648<strong> <\/strong>\u0623\u0633\u0646\u0627\u0646\u0647\u0645<strong> <\/strong>\u0648\u0644\u062b\u062a\u0647\u0645<strong> <\/strong>\u0628\u0634\u0643\u0644<strong> <\/strong>\u0637\u0628\u064a\u0639\u064a\u060c<strong> <\/strong>\u0648\u0645\u0646\u0627\u0633\u0628\u0629<strong> <\/strong>\u0644\u062d\u062f\u064a\u062b\u064a<strong> <\/strong>\u0627\u0644\u0648\u0644\u0627\u062f\u0629<strong> <\/strong>\u0648\u0627\u0644\u0623\u0637\u0641\u0627\u0644<strong> <\/strong>\u0645\u0646<strong> <\/strong>\u0639\u0645\u0631<strong> 0 <\/strong>\u0625\u0644\u0649<strong> 6 <\/strong>\u0623\u0634\u0647\u0631<strong>.<\/strong><\/p>\n<p><strong>Les sucettes Philips Avent Ultra Air sont con\u00e7ues pour laisser la peau de votre b\u00e9b\u00e9 respirer. Elles offrent un taux d&rsquo;acceptation de 98%, sont con\u00e7ues de mani\u00e8re orthodontique pour respecter le d\u00e9veloppement naturel des dents et des gencives, et conviennent aux nouveau-n\u00e9s et aux b\u00e9b\u00e9s de 0 \u00e0 6 moi<\/strong><\/p>","protected":false},"excerpt":{"rendered":"<p>\u0633\u0643\u0627\u062a\u0627\u062a \u00ab\u00a0\u0641\u064a\u0644\u064a\u0628\u0633 \u0623\u0641\u064a\u0646\u062a \u0623\u0644\u062a\u0631\u0627 \u0625\u064a\u0631\u00a0\u00bb \u0645\u0635\u0645\u0645\u0629 \u0644\u062a\u0633\u0645\u062d \u0628\u0628\u0634\u0631\u0629 \u0637\u0641\u0644\u0643 \u0628\u0627\u0644\u062a\u0646\u0641\u0633. \u062a\u062a\u0645\u064a\u0632 \u0628\u0642\u0628\u0648\u0644 \u0628\u0646\u0633\u0628\u0629 98% \u0645\u0646 \u0642\u0628\u0644 \u0627\u0644\u0623\u0637\u0641\u0627\u0644\u060c \u0648\u0647\u064a \u0645\u0635\u0645\u0645\u0629 \u062a\u0642\u0648\u064a\u0645\u064a\u0627\u064b \u0644\u062a\u0646\u0627\u0633\u0628 \u0646\u0645\u0648 \u0623\u0633\u0646\u0627\u0646\u0647\u0645 \u0648\u0644\u062b\u062a\u0647\u0645 \u0628\u0634\u0643\u0644 \u0637\u0628\u064a\u0639\u064a\u060c \u0648\u0645\u0646\u0627\u0633\u0628\u0629 \u0644\u062d\u062f\u064a\u062b\u064a \u0627\u0644\u0648\u0644\u0627\u062f\u0629 \u0648\u0627\u0644\u0623\u0637\u0641\u0627\u0644 \u0645\u0646 \u0639\u0645\u0631 0 \u0625\u0644\u0649 6 \u0623\u0634\u0647\u0631. Les sucettes Philips Avent Ultra Air sont con\u00e7ues pour laisser la peau de votre b\u00e9b\u00e9 respirer. Elles offrent un [&hellip;]<\/p>\n","protected":false},"featured_media":588,"comment_status":"open","ping_status":"closed","template":"","meta":[],"product_brand":[38],"product_cat":[43,24],"product_tag":[],"class_list":["post-589","product","type-product","status-publish","has-post-thumbnail","product_brand-philips-avent","product_cat-0-6-mois","product_cat-allaitements-naturel-et-mixte","first","instock","shipping-taxable","purchasable","product-type-simple"],"_links":{"self":[{"href":"https:\/\/gamino.store\/ar\/wp-json\/wp\/v2\/product\/589","targetHints":{"allow":["GET"]}}],"collection":[{"href":"https:\/\/gamino.store\/ar\/wp-json\/wp\/v2\/product"}],"about":[{"href":"https:\/\/gamino.store\/ar\/wp-json\/wp\/v2\/types\/product"}],"replies":[{"embeddable":true,"href":"https:\/\/gamino.store\/ar\/wp-json\/wp\/v2\/comments?post=589"}],"version-history":[{"count":1,"href":"https:\/\/gamino.store\/ar\/wp-json\/wp\/v2\/product\/589\/revisions"}],"predecessor-version":[{"id":590,"href":"https:\/\/gamino.store\/ar\/wp-json\/wp\/v2\/product\/589\/revisions\/590"}],"wp:featuredmedia":[{"embeddable":true,"href":"https:\/\/gamino.store\/ar\/wp-json\/wp\/v2\/media\/588"}],"wp:attachment":[{"href":"https:\/\/gamino.store\/ar\/wp-json\/wp\/v2\/media?parent=589"}],"wp:term":[{"taxonomy":"product_brand","embeddable":true,"href":"https:\/\/gamino.store\/ar\/wp-json\/wp\/v2\/product_brand?post=589"},{"taxonomy":"product_cat","embeddable":true,"href":"https:\/\/gamino.store\/ar\/wp-json\/wp\/v2\/product_cat?post=589"},{"taxonomy":"product_tag","embeddable":true,"href":"https:\/\/gamino.store\/ar\/wp-json\/wp\/v2\/product_tag?post=589"}],"curies":[{"name":"wp","href":"https:\/\/api.w.org\/{rel}","templated":true}]}}

<p>سكاتات<strong> « </strong>فيليبس<strong> </strong>أفينت<strong> </strong>ألترا<strong> </strong>إير<strong> » </strong>مصممة<strong> </strong>لتسمح<strong> </strong>ببشرة<strong> </strong>طفلك<strong> </strong>بالتنفس<strong>. </strong>تتميز<strong> </strong>بقبول<strong> </strong>بنسبة<strong> 98% </strong>من<strong> </strong>قبل<strong> </strong>الأطفال،<strong> </strong>وهي<strong> </strong>مصممة<strong> </strong>تقويمياً<strong> </strong>لتناسب<strong> </strong>نمو<strong> </strong>أسنانهم<strong> </strong>ولثتهم<strong> </strong>بشكل<strong> </strong>طبيعي،<strong> </strong>ومناسبة<strong> </strong>لحديثي<strong> </strong>الولادة<strong> </strong>والأطفال<strong> </strong>من<strong> </strong>عمر<strong> 0 </strong>إلى<strong> 6 </strong>أشهر<strong>.</strong></p>
<p><strong>Les sucettes Philips Avent Ultra Air sont conçues pour laisser la peau de votre bébé respirer. Elles offrent un taux d&rsquo;acceptation de 98%, sont conçues de manière orthodontique pour respecter le développement naturel des dents et des gencives, et conviennent aux nouveau-nés et aux bébés de 0 à 6 moi</strong></p>

<p>سكاتات « فيليبس أفينت ألترا إير » مصممة لتسمح ببشرة طفلك بالتنفس. تتميز بقبول بنسبة 98% من قبل الأطفال، وهي مصممة تقويمياً لتناسب نمو أسنانهم ولثتهم بشكل طبيعي، ومناسبة لحديثي الولادة والأطفال من عمر 0 إلى 6 أشهر. Les sucettes Philips Avent Ultra Air sont conçues pour laisser la peau de votre bébé respirer. Elles offrent un [&hellip;]</p>
